- 5*o. Suppose 4*f + 1740 = d. What is the units digit of f?
5
Let j = 27 + -15. Let d(o) = 3*o**2 + 10*o + 12. Let k be d(-3). Let p = k + j. What is the units digit of p?
1
Let i(t) = -22116*t - 937. What is the units digit of i(-1)?
9
Suppose -156 = b + 68. Let y = b + 1167. What is the units digit of y?
3
Let j = -678 + 663. Let v(l) = l**3 + 18*l**2 + 13*l + 27. What is the tens digit of v(j)?
0
Let d(w) be the first derivative of -2*w**2 + 59*w - 171. What is the units digit of d(9)?
3
Suppose -w - 1569 = 17*y - 18*y, -5*w = -3*y + 4713. Suppose 2*j - y = -2*d - 3*d, 10 = 5*d. What is the units digit of j?
8
Let k(p) = 64*p**3 + 92*p**2 - 758*p - 12. What is the tens digit of k(8)?
8
Let g(t) = -t**3 - 18*t**2 - 2*t - 4. Let c be g(-18). Suppose 2*w - y = -0*w + 22, 4*w = -y + c. Suppose w*j - 120 = -12. What is the units digit of j?
2
Let t = -381 + 783. Suppose -4*i + 2*i = 2*q - t, -2*q - i = -400. What is the hundreds digit of q?
1
Let u(g) = 3319*g + 19. What is the tens digit of u(3)?
7
Let i be 6/9*6 + 4. Suppose 0 = i*s - 12*s - 468. Let m = -99 - s. What is the tens digit of m?
1
Let g = 387 + -379. Suppose 6*o - 5*b + 893 = g*o, 4*o - 1768 = -4*b. What is the units digit of o?
9
Let s(w) = 7*w**3 - 860*w**2 + 7*w - 40. What is the hundreds digit of s(123)?
9
Let w = -3974 - -5419. What is the thousands digit of w?
1
What is the tens digit of 11/33*(0/(-2))/3 - -26608?
0
Suppose 0 = 5*i - 13*k + 10*k - 36718, -4*i + k = -29373. What is the units digit of i?
3
Let k(h) = -4*h**3 + 11*h**2 + 7*h + 21. Suppose -5*w - 15 = -3*g - 21, g = -3*w - 16. What is the thousands digit of k(g)?
1
Suppose 10*v = 11*v + 4, 2*q + 4*v = 45812. What is the tens digit of q?
1
Suppose 8*l + 9758 = 68*l - 26*l. Let n(h) = 560*h**2 - h - 1. Let o be n(-1). Let w = o - l. What is the hundreds digit of w?
2
Suppose 5612 = -7*x + 9*x. Suppose -2*d - 4*i + x = 0, 2*d = i + 2323 + 488. What is the hundreds digit of d?
4
Suppose -5*h - 275 = b, h - 3*b + 71 = -0*b. Let u be (h - -1) + -6*(-4)/8. Let y = u + 89. What is the units digit of y?
7
Suppose -5*q = 4*i - 27483, 0 = 3*i + 2*q + 2*q - 20611. Suppose -13*h = 559 - i. Suppose -h = -8*l - l. What is the units digit of l?
4
Suppose 3*o + 1116 = -3*h + 19650, -12365 = -2*h + o. What is the units digit of h?
1
What is the thousands digit of (-236238)/(-14) - ((-154)/(-49) - 3)?
6
Suppose 6*j = 3*j. Let v be -49 + ((-12)/3 - j). Let y = -38 - v. What is the units digit of y?
5
Let o = 982 - 1554. What is the hundreds digit of 81/(-2)*(o/6)/13?
2
Suppose -28*g - 31*g = -76*g + 524790. What is the units digit of g?
0
Suppose 95709 = 3*z + 4*v, 3*z + 64*v - 63*v - 95718 = 0. What is the thousands digit of z?
1
Suppose 122*d = 142*d - 39980. What is the tens digit of d?
9
Let h = -4172 - -8372. What is the thousands digit of h?
4
Let b be 4*1*(-15)/(-6). Let n(d) = -d**2 + 9*d + 13. Let v be n(b). Suppose v*x - 3*p - 2*p - 125 = 0, -2*x = -3*p - 84. What is the units digit of x?
5
Suppose -58*d + 69*d - 29656 = 0. Let m = d + -1330. What is the hundreds digit of m?
3
Suppose 7 = 3*q - 4*f - 52, 4*q = -4*f + 116. Suppose 40*d = q*d + 2700. What is the hundreds digit of d?
1
Suppose -4*w + 3745 + 4163 = 0. Let i = -1372 + w. What is the tens digit of i?
0
Suppose 4*r + 90 = 22*r. Suppose 2*m = -r*a + 903, -2 - 3 = 5*m. What is the tens digit of a?
8
Suppose -5*t = 0, -6*q - 12 = -10*q + 3*t. Suppose -2*s = -q*s + 620. What is the tens digit of s?
2
Let b = -281 - -131. Let p be 462/35*b/9. Let w = p + 340. What is the units digit of w?
0
Let n = 420 - 400. What is the units digit of (1 - (612/(-20) + -4))*n?
2
Let y be 1 - (0/(-1))/(-2). Let w(v) be the third derivative of 9*v**4/8 - 2*v**3/3 + 349*v**2. What is the tens digit of w(y)?
2
Suppose -33*p + 12*p = 12*p - 102828. What is the units digit of p?
6
Suppose -31 = -3*q - 5*f, 0*f = -2*q + 2*f - 6. Suppose 2*s - 60 = q*u, 26 + 38 = 2*s - 4*u. Suppose 35*t = s*t + 1036. What is the hundreds digit of t?
1
What is the thousands digit of (-6 - (-8 - -19))*(-132 + 5 + -8)?
2
Let u(y) = y**2 - 11*y + 30. Let c be u(6). Suppose c = 16*s + 2013 - 10445. What is the hundreds digit of s?
5
Suppose 0 = 3*c + 4*g - 77685, 5*c - 129370 = -6*g + 11*g. What is the tens digit of c?
8
Let w = -6862 + 24052. What is the hundreds digit of w?
1
Let y be (-8)/20 + 51/15. Suppose -y*o + 2427 = 5*k, 9*o - 5*k + 3236 = 13*o. What is the hundreds digit of o?
8
Suppose -l + 3101 = -6469. What is the hundreds digit of l?
5
Suppose 0 = -0*k + 4*k - 5*f - 128, 140 = 4*k - 2*f. Let s be -35*((-2)/(-6) + k/(-21)). Suppose -3*n + 167 = 3*i - n, s = i - 5*n. What is the tens digit of i?
5
Let c(g) = 154*g**2 - 52*g + 222. What is the ten thousands digit of c(11)?
1
Suppose 3*q - 360 = -2*q. Let l = -485 + 488. Suppose -l*x - q = -5*x. What is the tens digit of x?
3
Suppose -10*t - 269230 + 83068 = -33*t. What is the units digit of t?
4
Let i be (-954)/(-81) - (-14)/63. What is the tens digit of i/(-15) - (-13647)/15?
0
Let p(f) = -68*f + 20. Suppose 4*o + 6 = 3*o. Let b be p(o). Suppose -60 = 4*n - b. What is the tens digit of n?
9
Let b(r) = r**3 + 30*r**2 + 45*r - 4. Let h = 274 + -302. What is the hundreds digit of b(h)?
3
Let c(j) = 2*j**3 + 43*j**2 + 18*j + 29. Let t be c(-21). Let y = 211 + -23. Let r = y - t. What is the units digit of r?
6
Suppose -28 = 5*v - 3, 0 = -3*o - v + 24358. What is the hundreds digit of o?
1
Let x be (-651)/(-15) - (-2)/(-5). Suppose -2*g + 5*g - x = 2*k, -2*k + g - 49 = 0. Let l(i) = -i**3 - 25*i**2 + 25*i + 50. What is the units digit of l(k)?
6
Let q(i) = 12*i**2 + 16*i + 3. Let k be q(-10). Suppose -17*n + 2306 = -k. What is the tens digit of n?
9
Suppose -2284 = -4*w - 9*w + 9*w. What is the units digit of w?
1
Let y(t) = -t**3 + 5*t**2 + 55*t + 10. What is the hundreds digit of y(-9)?
6
Let u = 883 - 539. Let x = 1774 - u. What is the tens digit of x?
3
Suppose 26130 = 3*n - 3*p, -303*n + 300*n = 2*p - 26140. What is the thousands digit of n?
8
Suppose 14250 - 2031 = k - 5287. What is the ten thousands digit of k?
1
Suppose 11*r - 204606 = -7*r. What is the thousands digit of r?
1
Suppose 3*n - 713492 = -23*n. What is the hundreds digit of n?
4
Suppose -24*h + 16*h - 1384 = 0. Let p = h - -574. What is the units digit of p?
1
Suppose -6*i = -122638 + 41878. What is the tens digit of i?
6
Suppose 2*m = -2*j + 6, j + 3*m + 13 = -2*m. Suppose -5*n + 6750 = -145. Suppose j*o = -371 + n. What is the units digit of o?
4
Let b be (-2 + 1 + 20/30)*-6. Suppose 1 + 7 = -b*f - 5*t, 3*f + 17 = -5*t. What is the tens digit of 635/10 - (-2 + f/(-6))?
6
Suppose -7*j = -36*j + 1687307. What is the ten thousands digit of j?
5
Suppose j + 82 - 77 = h, 5*h + 5*j = -5. What is the hundreds digit of (h/(-7))/(112/(-17738))*4?
1
Let k = 52703 - 18965. What is the hundreds digit of k?
7
Let w = 37 + -27. Suppose 0 = 3*t - 2*i - 32, 2*t - i = t + w. Suppose 12*j = 6*j + t. What is the units digit of j?
2
Suppose 2*k = b + 46, k + 0*b - 5 = 5*b. Suppose -a - k*a = -21086. What is the tens digit of a?
1
What is the ten thousands digit of (-21)/(-15) + -1 - 1623253/(-155)?
1
Let j(m) = -2*m + 15. Let o be j(6). Suppose -r = -2*i + o*r - 4, -3*r + 36 = 4*i. What is the tens digit of (-924)/(-16)*16/i?
5
Let c(v) = -2072*v + 1787. What is the tens digit of c(-27)?
3
Let h be (-44)/6 - ((-2)/(-3))/1. Let m(j) = -16*j - 10. Let b be m(h). Let a = 252 - b. What is the tens digit of a?
3
Let b(o) = -198*o + 6. Let n be b(1). Let p = -101 - n. Suppose 0 = -2*q - 2*s + p + 103, 5*q - 4*s = 530. What is the hundreds digit of q?
1
Suppose 0 = 1974*d - 1975*d + 291. What is the units digit of d?
1
What is the thousands digit of 7 + (-15 - (22 + -46039))?
6
Suppose -4*i = 19 + 29. Let l be (-8)/i*3/1. Suppose l*h - 219 = -h. What is the tens digit of h?
7
Suppose -3*g + 0*g = -1809. Suppose -x - 2*x + 196 = k, 0 = -3*k - 4*x + g. Let c = -115 + k. What is the tens digit of c?
9
Let w(q) = -q**3 - 15*q**2 + 33*q - 12. Let f be w(-17). Suppose 0 = -n + 5*k + 41, -7*n = -2*n - f*k - 105. What is the tens digit of n?
1
Suppose 4*n + 5*a + 18 = 0, -5*n - 7 - 7 = 2*a. Let k be -3 - (-9 - -3) - n. Suppose -254 = -7*j + k*j. What is the tens digit of j?
2
Let m(l) be the first derivative of 